{"id":361,"date":"2026-02-26T09:59:23","date_gmt":"2026-02-26T09:59:23","guid":{"rendered":"https:\/\/cooperation-locale.fr\/?page_id=361"},"modified":"2026-03-16T09:02:23","modified_gmt":"2026-03-16T09:02:23","slug":"groupe-44-saint-nazaire-presquile","status":"publish","type":"page","link":"https:\/\/cooperation-locale.fr\/index.php\/groupe-44-saint-nazaire-presquile\/","title":{"rendered":"Groupe &#8211; 44 &#8211; Saint-Nazaire &#8211; La Baule &#8211; Pornichet &#8211; Gu\u00e9rande"},"content":{"rendered":"\n<h1 class=\"wp-block-heading has-text-align-center has-large-font-size\">Groupe apprenant des Pays de Retz<\/h1>\n\n\n\n<div class=\"wp-block-uagb-container uagb-block-6c432902 alignfull uagb-is-root-container\"><div class=\"uagb-container-inner-blocks-wrap\">\n<div class=\"wp-block-uagb-container uagb-block-362d7f56\">\n<p><br><font dir=\"auto\" style=\"vertical-align: inherit;\"><font dir=\"auto\" style=\"vertical-align: inherit;\"><font dir=\"auto\" style=\"vertical-align: inherit;\"><font dir=\"auto\" style=\"vertical-align: inherit;\"><font dir=\"auto\" style=\"vertical-align: inherit;\"><font dir=\"auto\" style=\"vertical-align: inherit;\"><font dir=\"auto\" style=\"vertical-align: inherit;\"><font dir=\"auto\" style=\"vertical-align: inherit;\">Vous exercez votre activit\u00e9 en ind\u00e9pendant avec des professionnels (B to B),<\/font><\/font><\/font><\/font><\/font><\/font><\/font><\/font><br><font dir=\"auto\" style=\"vertical-align: inherit;\"><font dir=\"auto\" style=\"vertical-align: inherit;\"><font dir=\"auto\" style=\"vertical-align: inherit;\"><font dir=\"auto\" style=\"vertical-align: inherit;\"><font dir=\"auto\" style=\"vertical-align: inherit;\"><font dir=\"auto\" style=\"vertical-align: inherit;\">Consultant, expert m\u00e9tier (expert comptable, juriste, avocat, communicant&#8230;), formateur, dirigeant \u00e0 temps partag\u00e9&#8230;<\/font><\/font><\/font><\/font><\/font><\/font><\/p>\n\n\n\n<h2 class=\"wp-block-heading has-medium-font-size\"><br><br><strong><font dir=\"auto\" style=\"vertical-align: inherit;\"><font dir=\"auto\" style=\"vertical-align: inherit;\"><font dir=\"auto\" style=\"vertical-align: inherit;\"><font dir=\"auto\" style=\"vertical-align: inherit;\"><font dir=\"auto\" style=\"vertical-align: inherit;\"><font dir=\"auto\" style=\"vertical-align: inherit;\">Vous habitez sur <\/font><\/font><\/font><\/font><\/font><\/font><\/strong>la communaut\u00e9 de communes de la CARENE ou de CAP ATLANTIQUE.<\/h2>\n\n\n\n<p><br><br><font dir=\"auto\" style=\"vertical-align: inherit;\"><font dir=\"auto\" style=\"vertical-align: inherit;\"><font dir=\"auto\" style=\"vertical-align: inherit;\"><font dir=\"auto\" style=\"vertical-align: inherit;\"><font dir=\"auto\" style=\"vertical-align: inherit;\"><font dir=\"auto\" style=\"vertical-align: inherit;\">Vous souhaitez sortir de votre solitude, <\/font><\/font><\/font><\/font><\/font><\/font><br><font dir=\"auto\" style=\"vertical-align: inherit;\"><font dir=\"auto\" style=\"vertical-align: inherit;\"><font dir=\"auto\" style=\"vertical-align: inherit;\"><font dir=\"auto\" style=\"vertical-align: inherit;\"><font dir=\"auto\" style=\"vertical-align: inherit;\"><font dir=\"auto\" style=\"vertical-align: inherit;\">Vous souhaitez trouver un espace pour continuer \u00e0 apprendre autour de votre m\u00e9tier d&#8217;accompagnant des entreprises et plus largement vous nourrir, <\/font><\/font><\/font><\/font><\/font><\/font><br><font dir=\"auto\" style=\"vertical-align: inherit;\"><font dir=\"auto\" style=\"vertical-align: inherit;\"><font dir=\"auto\" style=\"vertical-align: inherit;\"><font dir=\"auto\" style=\"vertical-align: inherit;\"><font dir=\"auto\" style=\"vertical-align: inherit;\"><font dir=\"auto\" style=\"vertical-align: inherit;\">Vous souhaitez mieux conna\u00eetre les acteurs \u00e9conomiques de votre territoire&#8230;.<\/font><\/font><\/font><\/font><\/font><\/font><\/p>\n<\/div>\n\n\n\n<div class=\"wp-block-uagb-container uagb-block-c6ac3b32\">\n<figure class=\"wp-block-image size-large\"><img fetchpriority=\"high\" decoding=\"async\" width=\"1024\" height=\"683\" src=\"https:\/\/cooperation-locale.fr\/wp-content\/uploads\/2026\/02\/Saint-Nazaire-Presquile-1024x683.png\" alt=\"Saint-Nazaire - Presqu'ile\" class=\"wp-image-358\" srcset=\"https:\/\/cooperation-locale.fr\/wp-content\/uploads\/2026\/02\/Saint-Nazaire-Presquile-1024x683.png 1024w, https:\/\/cooperation-locale.fr\/wp-content\/uploads\/2026\/02\/Saint-Nazaire-Presquile-300x200.png 300w, https:\/\/cooperation-locale.fr\/wp-content\/uploads\/2026\/02\/Saint-Nazaire-Presquile-768x512.png 768w, https:\/\/cooperation-locale.fr\/wp-content\/uploads\/2026\/02\/Saint-Nazaire-Presquile.png 1536w\" sizes=\"(max-width: 1024px) 100vw, 1024px\" \/><\/figure>\n<\/div>\n<\/div><\/div>\n\n\n\n<div class=\"wp-block-uagb-container uagb-block-9f7c8ab1 alignfull uagb-is-root-container\"><div class=\"uagb-container-inner-blocks-wrap\">\n<h2 class=\"wp-block-heading has-text-align-center\">Les dates du prochain parcours<\/h2>\n\n\n\n<p class=\"has-text-align-center\">Bloquez vos lundis !<\/p>\n\n\n\n<div class=\"wp-block-columns are-vertically-aligned-center is-layout-flex wp-container-core-columns-is-layout-28f84493 wp-block-columns-is-layout-flex\">\n<div class=\"wp-block-column is-layout-flow wp-block-column-is-layout-flow\" style=\"flex-basis:25%\"><\/div>\n\n\n\n<div class=\"wp-block-column is-vertically-aligned-center is-layout-flow wp-block-column-is-layout-flow\" style=\"padding-right:var(--wp--preset--spacing--50);padding-left:var(--wp--preset--spacing--50);flex-basis:25%\">\n<ul class=\"wp-block-list\">\n<li>31 ao\u00fbt 2026<\/li>\n\n\n\n<li>28 septembre 2026<\/li>\n\n\n\n<li>26 octobre 2026<\/li>\n\n\n\n<li>30 novembre 2026<\/li>\n\n\n\n<li>21 d\u00e9cembre 2026<\/li>\n<\/ul>\n<\/div>\n\n\n\n<div class=\"wp-block-column is-vertically-aligned-center is-layout-flow wp-block-column-is-layout-flow\" style=\"padding-right:var(--wp--preset--spacing--50);padding-left:var(--wp--preset--spacing--50);flex-basis:25%\">\n<ul class=\"wp-block-list\">\n<li>25 janvier 2027<\/li>\n\n\n\n<li>22 f\u00e9vrier 2027<\/li>\n\n\n\n<li>29 mars 2027<\/li>\n\n\n\n<li>26 avril 2027<\/li>\n\n\n\n<li>25 mai 2027<\/li>\n<\/ul>\n<\/div>\n\n\n\n<div class=\"wp-block-column is-layout-flow wp-block-column-is-layout-flow\" style=\"flex-basis:25%\"><\/div>\n<\/div>\n\n\n\n<p><\/p>\n<\/div><\/div>\n\n\n\n<h2 class=\"wp-block-heading has-text-align-center has-medium-font-size\">D\u00e9couvrez votre animatrice <\/h2>\n\n\n\n<div class=\"wp-block-buttons is-content-justification-center is-layout-flex wp-container-core-buttons-is-layout-a89b3969 wp-block-buttons-is-layout-flex\">\n<div class=\"wp-block-button\"><a class=\"wp-block-button__link wp-element-button\" href=\"https:\/\/cooperation-locale.fr\/index.php\/qui-sommes-nous\/\">Fr\u00e9d\u00e9rique<\/a><\/div>\n<\/div>\n\n\n\n<p class=\"has-text-align-center\"><br><br><strong>Rejoignez l&#8217;aventure de coop\u00e9ration locale.<\/strong><\/p>\n\n\n\n<div class=\"wp-block-buttons is-content-justification-center is-layout-flex wp-container-core-buttons-is-layout-a89b3969 wp-block-buttons-is-layout-flex\">\n<div class=\"wp-block-button\"><a class=\"wp-block-button__link wp-element-button\" href=\"https:\/\/cooperation-locale.fr\/index.php\/contactez-nous\/\"><font dir=\"auto\" style=\"vertical-align: inherit;\"><font dir=\"auto\" style=\"vertical-align: inherit;\">Plus d&#8217;informations<\/font><\/font><\/a><\/div>\n<\/div>\n\n\n\n<p><\/p>\n","protected":false},"excerpt":{"rendered":"<p>Groupe apprenant des Pays de Retz Vous exercez votre activit\u00e9 en ind\u00e9pendant avec des professionnels (B to B),Consultant, expert m\u00e9tier [&hellip;]<\/p>\n","protected":false},"author":1,"featured_media":0,"parent":0,"menu_order":0,"comment_status":"closed","ping_status":"closed","template":"","meta":{"_uag_custom_page_level_css":"","site-sidebar-layout":"default","site-content-layout":"","ast-site-content-layout":"default","site-content-style":"default","site-sidebar-style":"default","ast-global-header-display":"","ast-banner-title-visibility":"","ast-main-header-display":"","ast-hfb-above-header-display":"","ast-hfb-below-header-display":"","ast-hfb-mobile-header-display":"","site-post-title":"disabled","ast-breadcrumbs-content":"","ast-featured-img":"","footer-sml-layout":"","ast-disable-related-posts":"","theme-transparent-header-meta":"","adv-header-id-meta":"","stick-header-meta":"","header-above-stick-meta":"","header-main-stick-meta":"","header-below-stick-meta":"","astra-migrate-meta-layouts":"default","ast-page-background-enabled":"default","ast-page-background-meta":{"desktop":{"background-color":"var(--ast-global-color-5)","background-image":"","background-repeat":"repeat","background-position":"center center","background-size":"auto","background-attachment":"scroll","background-type":"","background-media":"","overlay-type":"","overlay-color":"","overlay-opacity":"","overlay-gradient":""},"tablet":{"background-color":"","background-image":"","background-repeat":"repeat","background-position":"center center","background-size":"auto","background-attachment":"scroll","background-type":"","background-media":"","overlay-type":"","overlay-color":"","overlay-opacity":"","overlay-gradient":""},"mobile":{"background-color":"","background-image":"","background-repeat":"repeat","background-position":"center center","background-size":"auto","background-attachment":"scroll","background-type":"","background-media":"","overlay-type":"","overlay-color":"","overlay-opacity":"","overlay-gradient":""}},"ast-content-background-meta":{"desktop":{"background-color":"var(--ast-global-color-4)","background-image":"","background-repeat":"repeat","background-position":"center center","background-size":"auto","background-attachment":"scroll","background-type":"","background-media":"","overlay-type":"","overlay-color":"","overlay-opacity":"","overlay-gradient":""},"tablet":{"background-color":"var(--ast-global-color-4)","background-image":"","background-repeat":"repeat","background-position":"center center","background-size":"auto","background-attachment":"scroll","background-type":"","background-media":"","overlay-type":"","overlay-color":"","overlay-opacity":"","overlay-gradient":""},"mobile":{"background-color":"var(--ast-global-color-4)","background-image":"","background-repeat":"repeat","background-position":"center center","background-size":"auto","background-attachment":"scroll","background-type":"","background-media":"","overlay-type":"","overlay-color":"","overlay-opacity":"","overlay-gradient":""}},"footnotes":""},"class_list":["post-361","page","type-page","status-publish","hentry"],"yoast_head":"<!-- This site is optimized with the Yoast SEO plugin v27.1.1 - https:\/\/yoast.com\/product\/yoast-seo-wordpress\/ -->\n<title>Groupe - 44 - Saint-Nazaire - La Baule - Pornichet - Gu\u00e9rande - Coop\u00e9ration Locale<\/title>\n<meta name=\"description\" content=\"Coop\u00e9ration Locale -Saint-Nazaire-Presqu&#039;ile r\u00e9unit les ind\u00e9pendants locaux pour sortir de l&#039;isolement, apprendre entre pairs et coop\u00e9rer\" \/>\n<meta name=\"robots\" content=\"index, follow, max-snippet:-1, max-image-preview:large, max-video-preview:-1\" \/>\n<link rel=\"canonical\" href=\"https:\/\/cooperation-locale.fr\/index.php\/groupe-44-saint-nazaire-presquile\/\" \/>\n<meta property=\"og:locale\" content=\"en_US\" \/>\n<meta property=\"og:type\" content=\"article\" \/>\n<meta property=\"og:title\" content=\"Groupe - 44 - Saint-Nazaire - La Baule - Pornichet - Gu\u00e9rande - Coop\u00e9ration Locale\" \/>\n<meta property=\"og:description\" content=\"Coop\u00e9ration Locale -Saint-Nazaire-Presqu&#039;ile r\u00e9unit les ind\u00e9pendants locaux pour sortir de l&#039;isolement, apprendre entre pairs et coop\u00e9rer\" \/>\n<meta property=\"og:url\" content=\"https:\/\/cooperation-locale.fr\/index.php\/groupe-44-saint-nazaire-presquile\/\" \/>\n<meta property=\"og:site_name\" content=\"Coop\u00e9ration Locale\" \/>\n<meta property=\"article:publisher\" content=\"https:\/\/www.facebook.com\/profile.php?id=61587758434285\" \/>\n<meta property=\"article:modified_time\" content=\"2026-03-16T09:02:23+00:00\" \/>\n<meta property=\"og:image\" content=\"https:\/\/cooperation-locale.fr\/wp-content\/uploads\/2026\/02\/Saint-Nazaire-Presquile-1024x683.png\" \/>\n\t<meta property=\"og:image:width\" content=\"1024\" \/>\n\t<meta property=\"og:image:height\" content=\"683\" \/>\n\t<meta property=\"og:image:type\" content=\"image\/png\" \/>\n<meta name=\"twitter:card\" content=\"summary_large_image\" \/>\n<meta name=\"twitter:label1\" content=\"Est. reading time\" \/>\n\t<meta name=\"twitter:data1\" content=\"1 minute\" \/>\n<script type=\"application\/ld+json\" class=\"yoast-schema-graph\">{\"@context\":\"https:\/\/schema.org\",\"@graph\":[{\"@type\":\"WebPage\",\"@id\":\"https:\/\/cooperation-locale.fr\/index.php\/groupe-44-saint-nazaire-presquile\/\",\"url\":\"https:\/\/cooperation-locale.fr\/index.php\/groupe-44-saint-nazaire-presquile\/\",\"name\":\"Groupe - 44 - Saint-Nazaire - La Baule - Pornichet - Gu\u00e9rande - Coop\u00e9ration Locale\",\"isPartOf\":{\"@id\":\"https:\/\/cooperation-locale.fr\/#website\"},\"primaryImageOfPage\":{\"@id\":\"https:\/\/cooperation-locale.fr\/index.php\/groupe-44-saint-nazaire-presquile\/#primaryimage\"},\"image\":{\"@id\":\"https:\/\/cooperation-locale.fr\/index.php\/groupe-44-saint-nazaire-presquile\/#primaryimage\"},\"thumbnailUrl\":\"https:\/\/cooperation-locale.fr\/wp-content\/uploads\/2026\/02\/Saint-Nazaire-Presquile-1024x683.png\",\"datePublished\":\"2026-02-26T09:59:23+00:00\",\"dateModified\":\"2026-03-16T09:02:23+00:00\",\"description\":\"Coop\u00e9ration Locale -Saint-Nazaire-Presqu'ile r\u00e9unit les ind\u00e9pendants locaux pour sortir de l'isolement, apprendre entre pairs et coop\u00e9rer\",\"breadcrumb\":{\"@id\":\"https:\/\/cooperation-locale.fr\/index.php\/groupe-44-saint-nazaire-presquile\/#breadcrumb\"},\"inLanguage\":\"en-US\",\"potentialAction\":[{\"@type\":\"ReadAction\",\"target\":[\"https:\/\/cooperation-locale.fr\/index.php\/groupe-44-saint-nazaire-presquile\/\"]}]},{\"@type\":\"ImageObject\",\"inLanguage\":\"en-US\",\"@id\":\"https:\/\/cooperation-locale.fr\/index.php\/groupe-44-saint-nazaire-presquile\/#primaryimage\",\"url\":\"https:\/\/cooperation-locale.fr\/wp-content\/uploads\/2026\/02\/Saint-Nazaire-Presquile.png\",\"contentUrl\":\"https:\/\/cooperation-locale.fr\/wp-content\/uploads\/2026\/02\/Saint-Nazaire-Presquile.png\",\"width\":1536,\"height\":1024},{\"@type\":\"BreadcrumbList\",\"@id\":\"https:\/\/cooperation-locale.fr\/index.php\/groupe-44-saint-nazaire-presquile\/#breadcrumb\",\"itemListElement\":[{\"@type\":\"ListItem\",\"position\":1,\"name\":\"Home\",\"item\":\"https:\/\/cooperation-locale.fr\/\"},{\"@type\":\"ListItem\",\"position\":2,\"name\":\"Groupe &#8211; 44 &#8211; Saint-Nazaire &#8211; La Baule &#8211; Pornichet &#8211; Gu\u00e9rande\"}]},{\"@type\":\"WebSite\",\"@id\":\"https:\/\/cooperation-locale.fr\/#website\",\"url\":\"https:\/\/cooperation-locale.fr\/\",\"name\":\"Coop\u00e9ration-Locale\",\"description\":\"Un r\u00e9seau apprenant pour les ind\u00e9pendants cr\u00e9\u00e9 par des ind\u00e9pendants\",\"publisher\":{\"@id\":\"https:\/\/cooperation-locale.fr\/#organization\"},\"alternateName\":\"Coop\u00e9ration Locale\",\"potentialAction\":[{\"@type\":\"SearchAction\",\"target\":{\"@type\":\"EntryPoint\",\"urlTemplate\":\"https:\/\/cooperation-locale.fr\/?s={search_term_string}\"},\"query-input\":{\"@type\":\"PropertyValueSpecification\",\"valueRequired\":true,\"valueName\":\"search_term_string\"}}],\"inLanguage\":\"en-US\"},{\"@type\":\"Organization\",\"@id\":\"https:\/\/cooperation-locale.fr\/#organization\",\"name\":\"Coop\u00e9ration Locale\",\"alternateName\":\"Coop\u00e9ration Locale\",\"url\":\"https:\/\/cooperation-locale.fr\/\",\"logo\":{\"@type\":\"ImageObject\",\"inLanguage\":\"en-US\",\"@id\":\"https:\/\/cooperation-locale.fr\/#\/schema\/logo\/image\/\",\"url\":\"https:\/\/cooperation-locale.fr\/wp-content\/uploads\/2026\/02\/cropped-Logo-Cooperation-Locale.png\",\"contentUrl\":\"https:\/\/cooperation-locale.fr\/wp-content\/uploads\/2026\/02\/cropped-Logo-Cooperation-Locale.png\",\"width\":1024,\"height\":608,\"caption\":\"Coop\u00e9ration Locale\"},\"image\":{\"@id\":\"https:\/\/cooperation-locale.fr\/#\/schema\/logo\/image\/\"},\"sameAs\":[\"https:\/\/www.facebook.com\/profile.php?id=61587758434285\",\"https:\/\/www.linkedin.com\/company\/cooperation-locale\/?viewAsMember=true\"]}]}<\/script>\n<!-- \/ Yoast SEO plugin. -->","yoast_head_json":{"title":"Groupe - 44 - Saint-Nazaire - La Baule - Pornichet - Gu\u00e9rande - Coop\u00e9ration Locale","description":"Coop\u00e9ration Locale -Saint-Nazaire-Presqu'ile r\u00e9unit les ind\u00e9pendants locaux pour sortir de l'isolement, apprendre entre pairs et coop\u00e9rer","robots":{"index":"index","follow":"follow","max-snippet":"max-snippet:-1","max-image-preview":"max-image-preview:large","max-video-preview":"max-video-preview:-1"},"canonical":"https:\/\/cooperation-locale.fr\/index.php\/groupe-44-saint-nazaire-presquile\/","og_locale":"en_US","og_type":"article","og_title":"Groupe - 44 - Saint-Nazaire - La Baule - Pornichet - Gu\u00e9rande - Coop\u00e9ration Locale","og_description":"Coop\u00e9ration Locale -Saint-Nazaire-Presqu'ile r\u00e9unit les ind\u00e9pendants locaux pour sortir de l'isolement, apprendre entre pairs et coop\u00e9rer","og_url":"https:\/\/cooperation-locale.fr\/index.php\/groupe-44-saint-nazaire-presquile\/","og_site_name":"Coop\u00e9ration Locale","article_publisher":"https:\/\/www.facebook.com\/profile.php?id=61587758434285","article_modified_time":"2026-03-16T09:02:23+00:00","og_image":[{"width":1024,"height":683,"url":"https:\/\/cooperation-locale.fr\/wp-content\/uploads\/2026\/02\/Saint-Nazaire-Presquile-1024x683.png","type":"image\/png"}],"twitter_card":"summary_large_image","twitter_misc":{"Est. reading time":"1 minute"},"schema":{"@context":"https:\/\/schema.org","@graph":[{"@type":"WebPage","@id":"https:\/\/cooperation-locale.fr\/index.php\/groupe-44-saint-nazaire-presquile\/","url":"https:\/\/cooperation-locale.fr\/index.php\/groupe-44-saint-nazaire-presquile\/","name":"Groupe - 44 - Saint-Nazaire - La Baule - Pornichet - Gu\u00e9rande - Coop\u00e9ration Locale","isPartOf":{"@id":"https:\/\/cooperation-locale.fr\/#website"},"primaryImageOfPage":{"@id":"https:\/\/cooperation-locale.fr\/index.php\/groupe-44-saint-nazaire-presquile\/#primaryimage"},"image":{"@id":"https:\/\/cooperation-locale.fr\/index.php\/groupe-44-saint-nazaire-presquile\/#primaryimage"},"thumbnailUrl":"https:\/\/cooperation-locale.fr\/wp-content\/uploads\/2026\/02\/Saint-Nazaire-Presquile-1024x683.png","datePublished":"2026-02-26T09:59:23+00:00","dateModified":"2026-03-16T09:02:23+00:00","description":"Coop\u00e9ration Locale -Saint-Nazaire-Presqu'ile r\u00e9unit les ind\u00e9pendants locaux pour sortir de l'isolement, apprendre entre pairs et coop\u00e9rer","breadcrumb":{"@id":"https:\/\/cooperation-locale.fr\/index.php\/groupe-44-saint-nazaire-presquile\/#breadcrumb"},"inLanguage":"en-US","potentialAction":[{"@type":"ReadAction","target":["https:\/\/cooperation-locale.fr\/index.php\/groupe-44-saint-nazaire-presquile\/"]}]},{"@type":"ImageObject","inLanguage":"en-US","@id":"https:\/\/cooperation-locale.fr\/index.php\/groupe-44-saint-nazaire-presquile\/#primaryimage","url":"https:\/\/cooperation-locale.fr\/wp-content\/uploads\/2026\/02\/Saint-Nazaire-Presquile.png","contentUrl":"https:\/\/cooperation-locale.fr\/wp-content\/uploads\/2026\/02\/Saint-Nazaire-Presquile.png","width":1536,"height":1024},{"@type":"BreadcrumbList","@id":"https:\/\/cooperation-locale.fr\/index.php\/groupe-44-saint-nazaire-presquile\/#breadcrumb","itemListElement":[{"@type":"ListItem","position":1,"name":"Home","item":"https:\/\/cooperation-locale.fr\/"},{"@type":"ListItem","position":2,"name":"Groupe &#8211; 44 &#8211; Saint-Nazaire &#8211; La Baule &#8211; Pornichet &#8211; Gu\u00e9rande"}]},{"@type":"WebSite","@id":"https:\/\/cooperation-locale.fr\/#website","url":"https:\/\/cooperation-locale.fr\/","name":"Coop\u00e9ration-Locale","description":"Un r\u00e9seau apprenant pour les ind\u00e9pendants cr\u00e9\u00e9 par des ind\u00e9pendants","publisher":{"@id":"https:\/\/cooperation-locale.fr\/#organization"},"alternateName":"Coop\u00e9ration Locale","potentialAction":[{"@type":"SearchAction","target":{"@type":"EntryPoint","urlTemplate":"https:\/\/cooperation-locale.fr\/?s={search_term_string}"},"query-input":{"@type":"PropertyValueSpecification","valueRequired":true,"valueName":"search_term_string"}}],"inLanguage":"en-US"},{"@type":"Organization","@id":"https:\/\/cooperation-locale.fr\/#organization","name":"Coop\u00e9ration Locale","alternateName":"Coop\u00e9ration Locale","url":"https:\/\/cooperation-locale.fr\/","logo":{"@type":"ImageObject","inLanguage":"en-US","@id":"https:\/\/cooperation-locale.fr\/#\/schema\/logo\/image\/","url":"https:\/\/cooperation-locale.fr\/wp-content\/uploads\/2026\/02\/cropped-Logo-Cooperation-Locale.png","contentUrl":"https:\/\/cooperation-locale.fr\/wp-content\/uploads\/2026\/02\/cropped-Logo-Cooperation-Locale.png","width":1024,"height":608,"caption":"Coop\u00e9ration Locale"},"image":{"@id":"https:\/\/cooperation-locale.fr\/#\/schema\/logo\/image\/"},"sameAs":["https:\/\/www.facebook.com\/profile.php?id=61587758434285","https:\/\/www.linkedin.com\/company\/cooperation-locale\/?viewAsMember=true"]}]}},"uagb_featured_image_src":{"full":false,"thumbnail":false,"medium":false,"medium_large":false,"large":false,"1536x1536":false,"2048x2048":false},"uagb_author_info":{"display_name":"Fr\u00e9d\u00e9rique","author_link":"https:\/\/cooperation-locale.fr\/index.php\/author\/admin5737\/"},"uagb_comment_info":0,"uagb_excerpt":"Groupe apprenant des Pays de Retz Vous exercez votre activit\u00e9 en ind\u00e9pendant avec des professionnels (B to B),Consultant, expert m\u00e9tier [&hellip;]","_links":{"self":[{"href":"https:\/\/cooperation-locale.fr\/index.php\/wp-json\/wp\/v2\/pages\/361","targetHints":{"allow":["GET"]}}],"collection":[{"href":"https:\/\/cooperation-locale.fr\/index.php\/wp-json\/wp\/v2\/pages"}],"about":[{"href":"https:\/\/cooperation-locale.fr\/index.php\/wp-json\/wp\/v2\/types\/page"}],"author":[{"embeddable":true,"href":"https:\/\/cooperation-locale.fr\/index.php\/wp-json\/wp\/v2\/users\/1"}],"replies":[{"embeddable":true,"href":"https:\/\/cooperation-locale.fr\/index.php\/wp-json\/wp\/v2\/comments?post=361"}],"version-history":[{"count":13,"href":"https:\/\/cooperation-locale.fr\/index.php\/wp-json\/wp\/v2\/pages\/361\/revisions"}],"predecessor-version":[{"id":937,"href":"https:\/\/cooperation-locale.fr\/index.php\/wp-json\/wp\/v2\/pages\/361\/revisions\/937"}],"wp:attachment":[{"href":"https:\/\/cooperation-locale.fr\/index.php\/wp-json\/wp\/v2\/media?parent=361"}],"curies":[{"name":"wp","href":"https:\/\/api.w.org\/{rel}","templated":true}]}}