{"id":338,"date":"2026-02-26T09:18:04","date_gmt":"2026-02-26T09:18:04","guid":{"rendered":"https:\/\/cooperation-locale.fr\/?page_id=338"},"modified":"2026-03-06T21:00:17","modified_gmt":"2026-03-06T21:00:17","slug":"nos-groupes-apprenants-sur-le-territoire","status":"publish","type":"page","link":"https:\/\/cooperation-locale.fr\/index.php\/nos-groupes-apprenants-sur-le-territoire\/","title":{"rendered":"Nos groupes sur le territoire"},"content":{"rendered":"\n<p><\/p>\n\n\n\n<h1 class=\"wp-block-heading has-text-align-center has-large-font-size\">Nos groupes apprenants sur le territoire<\/h1>\n\n\n\n<h2 class=\"wp-block-heading has-text-align-center has-large-font-size\"><font dir=\"auto\" style=\"vertical-align: inherit;\"><font dir=\"auto\" style=\"vertical-align: inherit;\">Nos prochaines ouvertures<\/font><\/font><\/h2>\n\n\n\n<p class=\"has-text-align-center\">Venez rejoindre nos deux groupes en cours de cr\u00e9ation.<\/p>\n\n\n\n<p><\/p>\n\n\n\n<div class=\"wp-block-uagb-container uagb-block-c4374122 alignfull uagb-is-root-container\"><div class=\"uagb-container-inner-blocks-wrap\">\n<div class=\"wp-block-uagb-container uagb-block-79215251\">\n<h2 class=\"wp-block-heading has-text-align-center has-medium-font-size\">Loire Atlantique &#8211; Pays de Retz<\/h2>\n\n\n\n<figure class=\"wp-block-image size-large\"><img fetchpriority=\"high\" decoding=\"async\" width=\"1024\" height=\"683\" src=\"https:\/\/cooperation-locale.fr\/wp-content\/uploads\/2026\/02\/Groupe-Pays-de-Retz-1024x683.png\" alt=\"44 - Pays de Retz\" class=\"wp-image-348\" srcset=\"https:\/\/cooperation-locale.fr\/wp-content\/uploads\/2026\/02\/Groupe-Pays-de-Retz-1024x683.png 1024w, https:\/\/cooperation-locale.fr\/wp-content\/uploads\/2026\/02\/Groupe-Pays-de-Retz-300x200.png 300w, https:\/\/cooperation-locale.fr\/wp-content\/uploads\/2026\/02\/Groupe-Pays-de-Retz-768x512.png 768w, https:\/\/cooperation-locale.fr\/wp-content\/uploads\/2026\/02\/Groupe-Pays-de-Retz.png 1536w\" sizes=\"(max-width: 1024px) 100vw, 1024px\" \/><\/figure>\n\n\n\n<p class=\"has-text-align-center\"><font dir=\"auto\" style=\"vertical-align: inherit;\"><font dir=\"auto\" style=\"vertical-align: inherit;\">Ce groupe r\u00e9unit des consultants habitant sur les communaut\u00e9s de communes : <\/font><\/font><br><font dir=\"auto\" style=\"vertical-align: inherit;\"><font dir=\"auto\" style=\"vertical-align: inherit;\">Sud Estuaire <\/font><\/font><br><font dir=\"auto\" style=\"vertical-align: inherit;\"><font dir=\"auto\" style=\"vertical-align: inherit;\">Pornic Agglo &#8211; Pays de Retz <\/font><\/font><br><font dir=\"auto\" style=\"vertical-align: inherit;\"><font dir=\"auto\" style=\"vertical-align: inherit;\">Sud Retz Atlantique <\/font><\/font><br><font dir=\"auto\" style=\"vertical-align: inherit;\"><font dir=\"auto\" style=\"vertical-align: inherit;\">Grand Lieu Communaut\u00e9<\/font><\/font><\/p>\n\n\n\n<p><\/p>\n\n\n\n<div class=\"wp-block-buttons is-content-justification-center is-layout-flex wp-container-core-buttons-is-layout-a89b3969 wp-block-buttons-is-layout-flex\">\n<div class=\"wp-block-button\"><a class=\"wp-block-button__link wp-element-button\" href=\"https:\/\/cooperation-locale.fr\/index.php\/groupe-44-pays-de-retz\/\">En savoir plus<\/a><\/div>\n<\/div>\n<\/div>\n\n\n\n<div class=\"wp-block-uagb-container uagb-block-e946324e\">\n<h2 class=\"wp-block-heading has-text-align-center has-medium-font-size\"><font dir=\"auto\" style=\"vertical-align: inherit;\"><font dir=\"auto\" style=\"vertical-align: inherit;\">Loire Atlantique &#8211; Saint-Nazaire &#8211; Presqu&#8217;\u00eele<\/font><\/font><\/h2>\n\n\n\n<figure class=\"wp-block-image size-large\"><img decoding=\"async\" width=\"1024\" height=\"683\" src=\"https:\/\/cooperation-locale.fr\/wp-content\/uploads\/2026\/02\/Saint-Nazaire-Presquile-1024x683.png\" alt=\"44 - Saint-Nazaire - Presqu'il gu\u00e9randaise\" class=\"wp-image-358\" srcset=\"https:\/\/cooperation-locale.fr\/wp-content\/uploads\/2026\/02\/Saint-Nazaire-Presquile-1024x683.png 1024w, https:\/\/cooperation-locale.fr\/wp-content\/uploads\/2026\/02\/Saint-Nazaire-Presquile-300x200.png 300w, https:\/\/cooperation-locale.fr\/wp-content\/uploads\/2026\/02\/Saint-Nazaire-Presquile-768x512.png 768w, https:\/\/cooperation-locale.fr\/wp-content\/uploads\/2026\/02\/Saint-Nazaire-Presquile.png 1536w\" sizes=\"(max-width: 1024px) 100vw, 1024px\" \/><\/figure>\n\n\n\n<p class=\"has-text-align-center\"><font dir=\"auto\" style=\"vertical-align: inherit;\"><font dir=\"auto\" style=\"vertical-align: inherit;\">Ce groupe r\u00e9unit des consultants habitant sur les communaut\u00e9s de communes : <\/font><\/font><br><br><font dir=\"auto\" style=\"vertical-align: inherit;\"><font dir=\"auto\" style=\"vertical-align: inherit;\">La Car\u00e8ne <\/font><\/font><br><font dir=\"auto\" style=\"vertical-align: inherit;\"><font dir=\"auto\" style=\"vertical-align: inherit;\">Cap Atlantique<\/font><\/font><br><\/p>\n\n\n\n<p><\/p>\n\n\n\n<div class=\"wp-block-buttons is-content-justification-center is-layout-flex wp-container-core-buttons-is-layout-a89b3969 wp-block-buttons-is-layout-flex\">\n<div class=\"wp-block-button\"><a class=\"wp-block-button__link wp-element-button\" href=\"https:\/\/cooperation-locale.fr\/index.php\/groupe-44-saint-nazaire-presquile\/\">En savoir plus<\/a><\/div>\n<\/div>\n<\/div>\n<\/div><\/div>\n\n\n\n<p><\/p>\n","protected":false},"excerpt":{"rendered":"<p>Nos groupes apprenants sur le territoire Nos prochaines ouvertures Venez rejoindre nos deux groupes en cours de cr\u00e9ation. Loire Atlantique [&hellip;]<\/p>\n","protected":false},"author":1,"featured_media":0,"parent":0,"menu_order":0,"comment_status":"closed","ping_status":"closed","template":"","meta":{"_uag_custom_page_level_css":"","site-sidebar-layout":"default","site-content-layout":"","ast-site-content-layout":"default","site-content-style":"default","site-sidebar-style":"default","ast-global-header-display":"","ast-banner-title-visibility":"","ast-main-header-display":"","ast-hfb-above-header-display":"","ast-hfb-below-header-display":"","ast-hfb-mobile-header-display":"","site-post-title":"disabled","ast-breadcrumbs-content":"","ast-featured-img":"","footer-sml-layout":"","ast-disable-related-posts":"","theme-transparent-header-meta":"","adv-header-id-meta":"","stick-header-meta":"","header-above-stick-meta":"","header-main-stick-meta":"","header-below-stick-meta":"","astra-migrate-meta-layouts":"default","ast-page-background-enabled":"default","ast-page-background-meta":{"desktop":{"background-color":"var(--ast-global-color-5)","background-image":"","background-repeat":"repeat","background-position":"center center","background-size":"auto","background-attachment":"scroll","background-type":"","background-media":"","overlay-type":"","overlay-color":"","overlay-opacity":"","overlay-gradient":""},"tablet":{"background-color":"","background-image":"","background-repeat":"repeat","background-position":"center center","background-size":"auto","background-attachment":"scroll","background-type":"","background-media":"","overlay-type":"","overlay-color":"","overlay-opacity":"","overlay-gradient":""},"mobile":{"background-color":"","background-image":"","background-repeat":"repeat","background-position":"center center","background-size":"auto","background-attachment":"scroll","background-type":"","background-media":"","overlay-type":"","overlay-color":"","overlay-opacity":"","overlay-gradient":""}},"ast-content-background-meta":{"desktop":{"background-color":"var(--ast-global-color-4)","background-image":"","background-repeat":"repeat","background-position":"center center","background-size":"auto","background-attachment":"scroll","background-type":"","background-media":"","overlay-type":"","overlay-color":"","overlay-opacity":"","overlay-gradient":""},"tablet":{"background-color":"var(--ast-global-color-4)","background-image":"","background-repeat":"repeat","background-position":"center center","background-size":"auto","background-attachment":"scroll","background-type":"","background-media":"","overlay-type":"","overlay-color":"","overlay-opacity":"","overlay-gradient":""},"mobile":{"background-color":"var(--ast-global-color-4)","background-image":"","background-repeat":"repeat","background-position":"center center","background-size":"auto","background-attachment":"scroll","background-type":"","background-media":"","overlay-type":"","overlay-color":"","overlay-opacity":"","overlay-gradient":""}},"footnotes":""},"class_list":["post-338","page","type-page","status-publish","hentry"],"yoast_head":"<!-- This site is optimized with the Yoast SEO plugin v27.1.1 - https:\/\/yoast.com\/product\/yoast-seo-wordpress\/ -->\n<title>Nos groupes sur le territoire - Coop\u00e9ration Locale<\/title>\n<meta name=\"description\" content=\"Les groupes sur le territoire o\u00f9 Coop\u00e9ration Locale se d\u00e9ploie. Loire Atlantique - Pays de Retz - Saint-Nazaire et Presqu&#039;\u00eele\" \/>\n<meta name=\"robots\" content=\"index, follow, max-snippet:-1, max-image-preview:large, max-video-preview:-1\" \/>\n<link rel=\"canonical\" href=\"https:\/\/cooperation-locale.fr\/index.php\/nos-groupes-apprenants-sur-le-territoire\/\" \/>\n<meta property=\"og:locale\" content=\"en_US\" \/>\n<meta property=\"og:type\" content=\"article\" \/>\n<meta property=\"og:title\" content=\"Nos groupes sur le territoire - Coop\u00e9ration Locale\" \/>\n<meta property=\"og:description\" content=\"Les groupes sur le territoire o\u00f9 Coop\u00e9ration Locale se d\u00e9ploie. Loire Atlantique - Pays de Retz - Saint-Nazaire et Presqu&#039;\u00eele\" \/>\n<meta property=\"og:url\" content=\"https:\/\/cooperation-locale.fr\/index.php\/nos-groupes-apprenants-sur-le-territoire\/\" \/>\n<meta property=\"og:site_name\" content=\"Coop\u00e9ration Locale\" \/>\n<meta property=\"article:publisher\" content=\"https:\/\/www.facebook.com\/profile.php?id=61587758434285\" \/>\n<meta property=\"article:modified_time\" content=\"2026-03-06T21:00:17+00:00\" \/>\n<meta property=\"og:image\" content=\"https:\/\/cooperation-locale.fr\/wp-content\/uploads\/2026\/02\/Groupe-Pays-de-Retz-1024x683.png\" \/>\n\t<meta property=\"og:image:width\" content=\"1024\" \/>\n\t<meta property=\"og:image:height\" content=\"683\" \/>\n\t<meta property=\"og:image:type\" content=\"image\/png\" \/>\n<meta name=\"twitter:card\" content=\"summary_large_image\" \/>\n<meta name=\"twitter:label1\" content=\"Est. reading time\" \/>\n\t<meta name=\"twitter:data1\" content=\"1 minute\" \/>\n<script type=\"application\/ld+json\" class=\"yoast-schema-graph\">{\"@context\":\"https:\/\/schema.org\",\"@graph\":[{\"@type\":\"WebPage\",\"@id\":\"https:\/\/cooperation-locale.fr\/index.php\/nos-groupes-apprenants-sur-le-territoire\/\",\"url\":\"https:\/\/cooperation-locale.fr\/index.php\/nos-groupes-apprenants-sur-le-territoire\/\",\"name\":\"Nos groupes sur le territoire - Coop\u00e9ration Locale\",\"isPartOf\":{\"@id\":\"https:\/\/cooperation-locale.fr\/#website\"},\"primaryImageOfPage\":{\"@id\":\"https:\/\/cooperation-locale.fr\/index.php\/nos-groupes-apprenants-sur-le-territoire\/#primaryimage\"},\"image\":{\"@id\":\"https:\/\/cooperation-locale.fr\/index.php\/nos-groupes-apprenants-sur-le-territoire\/#primaryimage\"},\"thumbnailUrl\":\"https:\/\/cooperation-locale.fr\/wp-content\/uploads\/2026\/02\/Groupe-Pays-de-Retz-1024x683.png\",\"datePublished\":\"2026-02-26T09:18:04+00:00\",\"dateModified\":\"2026-03-06T21:00:17+00:00\",\"description\":\"Les groupes sur le territoire o\u00f9 Coop\u00e9ration Locale se d\u00e9ploie. Loire Atlantique - Pays de Retz - Saint-Nazaire et Presqu'\u00eele\",\"breadcrumb\":{\"@id\":\"https:\/\/cooperation-locale.fr\/index.php\/nos-groupes-apprenants-sur-le-territoire\/#breadcrumb\"},\"inLanguage\":\"en-US\",\"potentialAction\":[{\"@type\":\"ReadAction\",\"target\":[\"https:\/\/cooperation-locale.fr\/index.php\/nos-groupes-apprenants-sur-le-territoire\/\"]}]},{\"@type\":\"ImageObject\",\"inLanguage\":\"en-US\",\"@id\":\"https:\/\/cooperation-locale.fr\/index.php\/nos-groupes-apprenants-sur-le-territoire\/#primaryimage\",\"url\":\"https:\/\/cooperation-locale.fr\/wp-content\/uploads\/2026\/02\/Groupe-Pays-de-Retz.png\",\"contentUrl\":\"https:\/\/cooperation-locale.fr\/wp-content\/uploads\/2026\/02\/Groupe-Pays-de-Retz.png\",\"width\":1536,\"height\":1024},{\"@type\":\"BreadcrumbList\",\"@id\":\"https:\/\/cooperation-locale.fr\/index.php\/nos-groupes-apprenants-sur-le-territoire\/#breadcrumb\",\"itemListElement\":[{\"@type\":\"ListItem\",\"position\":1,\"name\":\"Home\",\"item\":\"https:\/\/cooperation-locale.fr\/\"},{\"@type\":\"ListItem\",\"position\":2,\"name\":\"Nos groupes sur le territoire\"}]},{\"@type\":\"WebSite\",\"@id\":\"https:\/\/cooperation-locale.fr\/#website\",\"url\":\"https:\/\/cooperation-locale.fr\/\",\"name\":\"Coop\u00e9ration-Locale\",\"description\":\"Un r\u00e9seau apprenant pour les ind\u00e9pendants cr\u00e9\u00e9 par des ind\u00e9pendants\",\"publisher\":{\"@id\":\"https:\/\/cooperation-locale.fr\/#organization\"},\"alternateName\":\"Coop\u00e9ration Locale\",\"potentialAction\":[{\"@type\":\"SearchAction\",\"target\":{\"@type\":\"EntryPoint\",\"urlTemplate\":\"https:\/\/cooperation-locale.fr\/?s={search_term_string}\"},\"query-input\":{\"@type\":\"PropertyValueSpecification\",\"valueRequired\":true,\"valueName\":\"search_term_string\"}}],\"inLanguage\":\"en-US\"},{\"@type\":\"Organization\",\"@id\":\"https:\/\/cooperation-locale.fr\/#organization\",\"name\":\"Coop\u00e9ration Locale\",\"alternateName\":\"Coop\u00e9ration Locale\",\"url\":\"https:\/\/cooperation-locale.fr\/\",\"logo\":{\"@type\":\"ImageObject\",\"inLanguage\":\"en-US\",\"@id\":\"https:\/\/cooperation-locale.fr\/#\/schema\/logo\/image\/\",\"url\":\"https:\/\/cooperation-locale.fr\/wp-content\/uploads\/2026\/02\/cropped-Logo-Cooperation-Locale.png\",\"contentUrl\":\"https:\/\/cooperation-locale.fr\/wp-content\/uploads\/2026\/02\/cropped-Logo-Cooperation-Locale.png\",\"width\":1024,\"height\":608,\"caption\":\"Coop\u00e9ration Locale\"},\"image\":{\"@id\":\"https:\/\/cooperation-locale.fr\/#\/schema\/logo\/image\/\"},\"sameAs\":[\"https:\/\/www.facebook.com\/profile.php?id=61587758434285\",\"https:\/\/www.linkedin.com\/company\/cooperation-locale\/?viewAsMember=true\"]}]}<\/script>\n<!-- \/ Yoast SEO plugin. -->","yoast_head_json":{"title":"Nos groupes sur le territoire - Coop\u00e9ration Locale","description":"Les groupes sur le territoire o\u00f9 Coop\u00e9ration Locale se d\u00e9ploie. Loire Atlantique - Pays de Retz - Saint-Nazaire et Presqu'\u00eele","robots":{"index":"index","follow":"follow","max-snippet":"max-snippet:-1","max-image-preview":"max-image-preview:large","max-video-preview":"max-video-preview:-1"},"canonical":"https:\/\/cooperation-locale.fr\/index.php\/nos-groupes-apprenants-sur-le-territoire\/","og_locale":"en_US","og_type":"article","og_title":"Nos groupes sur le territoire - Coop\u00e9ration Locale","og_description":"Les groupes sur le territoire o\u00f9 Coop\u00e9ration Locale se d\u00e9ploie. Loire Atlantique - Pays de Retz - Saint-Nazaire et Presqu'\u00eele","og_url":"https:\/\/cooperation-locale.fr\/index.php\/nos-groupes-apprenants-sur-le-territoire\/","og_site_name":"Coop\u00e9ration Locale","article_publisher":"https:\/\/www.facebook.com\/profile.php?id=61587758434285","article_modified_time":"2026-03-06T21:00:17+00:00","og_image":[{"width":1024,"height":683,"url":"https:\/\/cooperation-locale.fr\/wp-content\/uploads\/2026\/02\/Groupe-Pays-de-Retz-1024x683.png","type":"image\/png"}],"twitter_card":"summary_large_image","twitter_misc":{"Est. reading time":"1 minute"},"schema":{"@context":"https:\/\/schema.org","@graph":[{"@type":"WebPage","@id":"https:\/\/cooperation-locale.fr\/index.php\/nos-groupes-apprenants-sur-le-territoire\/","url":"https:\/\/cooperation-locale.fr\/index.php\/nos-groupes-apprenants-sur-le-territoire\/","name":"Nos groupes sur le territoire - Coop\u00e9ration Locale","isPartOf":{"@id":"https:\/\/cooperation-locale.fr\/#website"},"primaryImageOfPage":{"@id":"https:\/\/cooperation-locale.fr\/index.php\/nos-groupes-apprenants-sur-le-territoire\/#primaryimage"},"image":{"@id":"https:\/\/cooperation-locale.fr\/index.php\/nos-groupes-apprenants-sur-le-territoire\/#primaryimage"},"thumbnailUrl":"https:\/\/cooperation-locale.fr\/wp-content\/uploads\/2026\/02\/Groupe-Pays-de-Retz-1024x683.png","datePublished":"2026-02-26T09:18:04+00:00","dateModified":"2026-03-06T21:00:17+00:00","description":"Les groupes sur le territoire o\u00f9 Coop\u00e9ration Locale se d\u00e9ploie. Loire Atlantique - Pays de Retz - Saint-Nazaire et Presqu'\u00eele","breadcrumb":{"@id":"https:\/\/cooperation-locale.fr\/index.php\/nos-groupes-apprenants-sur-le-territoire\/#breadcrumb"},"inLanguage":"en-US","potentialAction":[{"@type":"ReadAction","target":["https:\/\/cooperation-locale.fr\/index.php\/nos-groupes-apprenants-sur-le-territoire\/"]}]},{"@type":"ImageObject","inLanguage":"en-US","@id":"https:\/\/cooperation-locale.fr\/index.php\/nos-groupes-apprenants-sur-le-territoire\/#primaryimage","url":"https:\/\/cooperation-locale.fr\/wp-content\/uploads\/2026\/02\/Groupe-Pays-de-Retz.png","contentUrl":"https:\/\/cooperation-locale.fr\/wp-content\/uploads\/2026\/02\/Groupe-Pays-de-Retz.png","width":1536,"height":1024},{"@type":"BreadcrumbList","@id":"https:\/\/cooperation-locale.fr\/index.php\/nos-groupes-apprenants-sur-le-territoire\/#breadcrumb","itemListElement":[{"@type":"ListItem","position":1,"name":"Home","item":"https:\/\/cooperation-locale.fr\/"},{"@type":"ListItem","position":2,"name":"Nos groupes sur le territoire"}]},{"@type":"WebSite","@id":"https:\/\/cooperation-locale.fr\/#website","url":"https:\/\/cooperation-locale.fr\/","name":"Coop\u00e9ration-Locale","description":"Un r\u00e9seau apprenant pour les ind\u00e9pendants cr\u00e9\u00e9 par des ind\u00e9pendants","publisher":{"@id":"https:\/\/cooperation-locale.fr\/#organization"},"alternateName":"Coop\u00e9ration Locale","potentialAction":[{"@type":"SearchAction","target":{"@type":"EntryPoint","urlTemplate":"https:\/\/cooperation-locale.fr\/?s={search_term_string}"},"query-input":{"@type":"PropertyValueSpecification","valueRequired":true,"valueName":"search_term_string"}}],"inLanguage":"en-US"},{"@type":"Organization","@id":"https:\/\/cooperation-locale.fr\/#organization","name":"Coop\u00e9ration Locale","alternateName":"Coop\u00e9ration Locale","url":"https:\/\/cooperation-locale.fr\/","logo":{"@type":"ImageObject","inLanguage":"en-US","@id":"https:\/\/cooperation-locale.fr\/#\/schema\/logo\/image\/","url":"https:\/\/cooperation-locale.fr\/wp-content\/uploads\/2026\/02\/cropped-Logo-Cooperation-Locale.png","contentUrl":"https:\/\/cooperation-locale.fr\/wp-content\/uploads\/2026\/02\/cropped-Logo-Cooperation-Locale.png","width":1024,"height":608,"caption":"Coop\u00e9ration Locale"},"image":{"@id":"https:\/\/cooperation-locale.fr\/#\/schema\/logo\/image\/"},"sameAs":["https:\/\/www.facebook.com\/profile.php?id=61587758434285","https:\/\/www.linkedin.com\/company\/cooperation-locale\/?viewAsMember=true"]}]}},"uagb_featured_image_src":{"full":false,"thumbnail":false,"medium":false,"medium_large":false,"large":false,"1536x1536":false,"2048x2048":false},"uagb_author_info":{"display_name":"Fr\u00e9d\u00e9rique","author_link":"https:\/\/cooperation-locale.fr\/index.php\/author\/admin5737\/"},"uagb_comment_info":0,"uagb_excerpt":"Nos groupes apprenants sur le territoire Nos prochaines ouvertures Venez rejoindre nos deux groupes en cours de cr\u00e9ation. Loire Atlantique [&hellip;]","_links":{"self":[{"href":"https:\/\/cooperation-locale.fr\/index.php\/wp-json\/wp\/v2\/pages\/338","targetHints":{"allow":["GET"]}}],"collection":[{"href":"https:\/\/cooperation-locale.fr\/index.php\/wp-json\/wp\/v2\/pages"}],"about":[{"href":"https:\/\/cooperation-locale.fr\/index.php\/wp-json\/wp\/v2\/types\/page"}],"author":[{"embeddable":true,"href":"https:\/\/cooperation-locale.fr\/index.php\/wp-json\/wp\/v2\/users\/1"}],"replies":[{"embeddable":true,"href":"https:\/\/cooperation-locale.fr\/index.php\/wp-json\/wp\/v2\/comments?post=338"}],"version-history":[{"count":22,"href":"https:\/\/cooperation-locale.fr\/index.php\/wp-json\/wp\/v2\/pages\/338\/revisions"}],"predecessor-version":[{"id":906,"href":"https:\/\/cooperation-locale.fr\/index.php\/wp-json\/wp\/v2\/pages\/338\/revisions\/906"}],"wp:attachment":[{"href":"https:\/\/cooperation-locale.fr\/index.php\/wp-json\/wp\/v2\/media?parent=338"}],"curies":[{"name":"wp","href":"https:\/\/api.w.org\/{rel}","templated":true}]}}